{"id":286,"date":"2022-06-28T14:27:27","date_gmt":"2022-06-28T12:27:27","guid":{"rendered":"http:\/\/nonalajonctionest.info\/?page_id=286"},"modified":"2022-06-28T14:30:03","modified_gmt":"2022-06-28T12:30:03","slug":"transports-en-commun","status":"publish","type":"page","link":"https:\/\/nonalajonctionest.info\/index.php\/transports-en-commun\/","title":{"rendered":"Transports en commun"},"content":{"rendered":"\n<p>Sur le sch\u00e9ma du dossier de concertation 2022, on note bien que la Jonction Est n&rsquo;a pas d&rsquo;impact sur les transports Lin\u00e9o (L1 Lasbordes, L7 Montaudran). On note \u00e9galement que la justification pour la desserte des quartiers de Malep\u00e8re et de Montaudran est peu \u00e9vidente.<\/p>\n\n\n\n<figure class=\"wp-block-image size-large\"><img loading=\"lazy\" decoding=\"async\" width=\"1024\" height=\"684\" src=\"http:\/\/nonalajonctionest.info\/wp-content\/uploads\/2022\/06\/Les-projets-autour-de-la-jonction-Est-1024x684.png\" alt=\"\" class=\"wp-image-288\" srcset=\"https:\/\/nonalajonctionest.info\/wp-content\/uploads\/2022\/06\/Les-projets-autour-de-la-jonction-Est-1024x684.png 1024w, https:\/\/nonalajonctionest.info\/wp-content\/uploads\/2022\/06\/Les-projets-autour-de-la-jonction-Est-300x201.png 300w, https:\/\/nonalajonctionest.info\/wp-content\/uploads\/2022\/06\/Les-projets-autour-de-la-jonction-Est-768x513.png 768w, https:\/\/nonalajonctionest.info\/wp-content\/uploads\/2022\/06\/Les-projets-autour-de-la-jonction-Est.png 1366w\" sizes=\"auto, (max-width: 1024px) 100vw, 1024px\" \/><\/figure>\n\n\n\n<figure class=\"wp-block-image size-full\"><img loading=\"lazy\" decoding=\"async\" width=\"692\" height=\"543\" src=\"http:\/\/nonalajonctionest.info\/wp-content\/uploads\/2022\/06\/extrait-plan-tisseo-zone-jonction-est.jpg\" alt=\"\" class=\"wp-image-291\" srcset=\"https:\/\/nonalajonctionest.info\/wp-content\/uploads\/2022\/06\/extrait-plan-tisseo-zone-jonction-est.jpg 692w, https:\/\/nonalajonctionest.info\/wp-content\/uploads\/2022\/06\/extrait-plan-tisseo-zone-jonction-est-300x235.jpg 300w\" sizes=\"auto, (max-width: 692px) 100vw, 692px\" \/><figcaption>Le plan Tiss\u00e9o actuel<\/figcaption><\/figure>\n\n\n\n<p><\/p>\n","protected":false},"excerpt":{"rendered":"<p>Sur le sch\u00e9ma du dossier de concertation 2022, on note bien que la Jonction Est n&rsquo;a pas d&rsquo;impact sur les transports Lin\u00e9o (L1 Lasbordes, L7 Montaudran). On note \u00e9galement que la justification pour la desserte des quartiers de Malep\u00e8re et de Montaudran est peu \u00e9vidente.<\/p>\n","protected":false},"author":2,"featured_media":0,"parent":0,"menu_order":0,"comment_status":"closed","ping_status":"closed","template":"","meta":{"site-sidebar-layout":"default","site-content-layout":"default","ast-global-header-display":"","ast-main-header-display":"","ast-hfb-above-header-display":"","ast-hfb-below-header-display":"","ast-hfb-mobile-header-display":"","site-post-title":"","ast-breadcrumbs-content":"","ast-featured-img":"","footer-sml-layout":"","theme-transparent-header-meta":"","adv-header-id-meta":"","stick-header-meta":"","header-above-stick-meta":"","header-main-stick-meta":"","header-below-stick-meta":"","footnotes":""},"class_list":["post-286","page","type-page","status-publish","hentry"],"_links":{"self":[{"href":"https:\/\/nonalajonctionest.info\/index.php\/wp-json\/wp\/v2\/pages\/286","targetHints":{"allow":["GET"]}}],"collection":[{"href":"https:\/\/nonalajonctionest.info\/index.php\/wp-json\/wp\/v2\/pages"}],"about":[{"href":"https:\/\/nonalajonctionest.info\/index.php\/wp-json\/wp\/v2\/types\/page"}],"author":[{"embeddable":true,"href":"https:\/\/nonalajonctionest.info\/index.php\/wp-json\/wp\/v2\/users\/2"}],"replies":[{"embeddable":true,"href":"https:\/\/nonalajonctionest.info\/index.php\/wp-json\/wp\/v2\/comments?post=286"}],"version-history":[{"count":3,"href":"https:\/\/nonalajonctionest.info\/index.php\/wp-json\/wp\/v2\/pages\/286\/revisions"}],"predecessor-version":[{"id":294,"href":"https:\/\/nonalajonctionest.info\/index.php\/wp-json\/wp\/v2\/pages\/286\/revisions\/294"}],"wp:attachment":[{"href":"https:\/\/nonalajonctionest.info\/index.php\/wp-json\/wp\/v2\/media?parent=286"}],"curies":[{"name":"wp","href":"https:\/\/api.w.org\/{rel}","templated":true}]}}

<p>Sur le schéma du dossier de concertation 2022, on note bien que la Jonction Est n&rsquo;a pas d&rsquo;impact sur les transports Linéo (L1 Lasbordes, L7 Montaudran). On note également que la justification pour la desserte des quartiers de Malepère et de Montaudran est peu évidente.</p>



<figure class="wp-block-image size-large"><img loading="lazy" decoding="async" width="1024" height="684" src="http://nonalajonctionest.info/wp-content/uploads/2022/06/Les-projets-autour-de-la-jonction-Est-1024x684.png" alt="" class="wp-image-288" srcset="https://nonalajonctionest.info/wp-content/uploads/2022/06/Les-projets-autour-de-la-jonction-Est-1024x684.png 1024w, https://nonalajonctionest.info/wp-content/uploads/2022/06/Les-projets-autour-de-la-jonction-Est-300x201.png 300w, https://nonalajonctionest.info/wp-content/uploads/2022/06/Les-projets-autour-de-la-jonction-Est-768x513.png 768w, https://nonalajonctionest.info/wp-content/uploads/2022/06/Les-projets-autour-de-la-jonction-Est.png 1366w" sizes="auto, (max-width: 1024px) 100vw, 1024px" /></figure>



<figure class="wp-block-image size-full"><img loading="lazy" decoding="async" width="692" height="543" src="http://nonalajonctionest.info/wp-content/uploads/2022/06/extrait-plan-tisseo-zone-jonction-est.jpg" alt="" class="wp-image-291" srcset="https://nonalajonctionest.info/wp-content/uploads/2022/06/extrait-plan-tisseo-zone-jonction-est.jpg 692w, https://nonalajonctionest.info/wp-content/uploads/2022/06/extrait-plan-tisseo-zone-jonction-est-300x235.jpg 300w" sizes="auto, (max-width: 692px) 100vw, 692px" /><figcaption>Le plan Tisséo actuel</figcaption></figure>



<p></p>

<p>Sur le schéma du dossier de concertation 2022, on note bien que la Jonction Est n&rsquo;a pas d&rsquo;impact sur les transports Linéo (L1 Lasbordes, L7 Montaudran). On note également que la justification pour la desserte des quartiers de Malepère et de Montaudran est peu évidente.</p>
