{"id":407,"date":"2022-11-03T19:15:25","date_gmt":"2022-11-03T18:15:25","guid":{"rendered":"http:\/\/nonalajonctionest.info\/?page_id=407"},"modified":"2022-11-06T08:42:50","modified_gmt":"2022-11-06T07:42:50","slug":"phase-de-concertation","status":"publish","type":"page","link":"https:\/\/nonalajonctionest.info\/index.php\/phase-de-concertation\/","title":{"rendered":"Phase de concertation"},"content":{"rendered":"\t\t<div data-elementor-type=\"wp-page\" data-elementor-id=\"407\" class=\"elementor elementor-407\">\n\t\t\t\t\t\t\t\t\t<section class=\"elementor-section elementor-top-section elementor-element elementor-element-14e5d87e elementor-section-boxed elementor-section-height-default elementor-section-height-default\" data-id=\"14e5d87e\" data-element_type=\"section\">\n\t\t\t\t\t\t<div class=\"elementor-container elementor-column-gap-default\">\n\t\t\t\t\t<div class=\"elementor-column elementor-col-100 elementor-top-column elementor-element elementor-element-f51aa27\" data-id=\"f51aa27\" data-element_type=\"column\">\n\t\t\t<div class=\"elementor-widget-wrap elementor-element-populated\">\n\t\t\t\t\t\t\t\t<div class=\"elementor-element elementor-element-d5f612c elementor-widget elementor-widget-text-editor\" data-id=\"d5f612c\" data-element_type=\"widget\" data-widget_type=\"text-editor.default\">\n\t\t\t\t<div class=\"elementor-widget-container\">\n\t\t\t<style>\/*! elementor - v3.6.6 - 08-06-2022 *\/\n.elementor-widget-text-editor.elementor-drop-cap-view-stacked .elementor-drop-cap{background-color:#818a91;color:#fff}.elementor-widget-text-editor.elementor-drop-cap-view-framed .elementor-drop-cap{color:#818a91;border:3px solid;background-color:transparent}.elementor-widget-text-editor:not(.elementor-drop-cap-view-default) .elementor-drop-cap{margin-top:8px}.elementor-widget-text-editor:not(.elementor-drop-cap-view-default) .elementor-drop-cap-letter{width:1em;height:1em}.elementor-widget-text-editor .elementor-drop-cap{float:left;text-align:center;line-height:1;font-size:50px}.elementor-widget-text-editor .elementor-drop-cap-letter{display:inline-block}<\/style>\t\t\t\t<p><!-- wp:paragraph --><\/p>\n<p>La phase de concertation est organis\u00e9e par Toulouse M\u00e9tropole.<br>La dur\u00e9e de concertation initialement pr\u00e9vue pendant l&rsquo;\u00e9t\u00e9 a \u00e9t\u00e9 prolong\u00e9e par Jean-Luc Moudenc &#8211; pr\u00e9sident de Toulouse M\u00e9tropole &#8211; suite \u00e0 un d\u00e9bat en bureau de la m\u00e9tropole (nous y \u00e9tions).<br>La concertation est r\u00e9gie par un d\u00e9cret. Elle est accompagn\u00e9e par la diffusion d&rsquo;informations sur le site <a href=\"https:\/\/jeparticipe.metropole.toulouse.fr\/processes\/jonction-est\" target=\"_blank\">\u00ab\u00a0je participe\u00a0\u00bb (jonction est)<\/a> de Toulouse M\u00e9tropole.<br>Toulouse M\u00e9tropole a mis \u00e0 disposition des citoyens une plate-forme ouverte permettant aux citoyens d&rsquo;apporter leur contribution. <br>La phase de concertation sera suivie d&rsquo;une enqu\u00eate publique men\u00e9e par un commissaire enqu\u00eateur (probablement) nomm\u00e9 par le tribunal administratif. L&rsquo;enqu\u00eate est plus r\u00e9glement\u00e9e et, par construction, offre plus de garanties d&rsquo;ind\u00e9pendance.<br><br>Retrouvez plus d&rsquo;informations sur la concertation (modalit\u00e9, analyse des contributions) dans ce sous-menu : Le projet \u00ab\u00a0Jonction Est\u00a0\u00bb \/ Phase de concertation<br><\/p>\n<p><!-- \/wp:paragraph --><\/p>\t\t\t\t\t\t<\/div>\n\t\t\t\t<\/div>\n\t\t\t\t\t<\/div>\n\t\t<\/div>\n\t\t\t\t\t\t\t<\/div>\n\t\t<\/section>\n\t\t\t\t\t\t\t<\/div>\n\t\t","protected":false},"excerpt":{"rendered":"<p>La phase de concertation est organis\u00e9e par Toulouse M\u00e9tropole.La dur\u00e9e de concertation initialement pr\u00e9vue pendant l&rsquo;\u00e9t\u00e9 a \u00e9t\u00e9 prolong\u00e9e par Jean-Luc Moudenc &#8211; pr\u00e9sident de Toulouse M\u00e9tropole &#8211; suite \u00e0 un d\u00e9bat en bureau de la m\u00e9tropole (nous y \u00e9tions).La concertation est r\u00e9gie par un d\u00e9cret. Elle est accompagn\u00e9e par la diffusion d&rsquo;informations sur le &hellip;<\/p>\n<p class=\"read-more\"> <a class=\"\" href=\"https:\/\/nonalajonctionest.info\/index.php\/phase-de-concertation\/\"> <span class=\"screen-reader-text\">Phase de concertation<\/span> Lire la suite\u00a0\u00bb<\/a><\/p>\n","protected":false},"author":2,"featured_media":0,"parent":0,"menu_order":0,"comment_status":"closed","ping_status":"closed","template":"","meta":{"site-sidebar-layout":"default","site-content-layout":"default","ast-global-header-display":"","ast-main-header-display":"","ast-hfb-above-header-display":"","ast-hfb-below-header-display":"","ast-hfb-mobile-header-display":"","site-post-title":"","ast-breadcrumbs-content":"","ast-featured-img":"","footer-sml-layout":"","theme-transparent-header-meta":"","adv-header-id-meta":"","stick-header-meta":"","header-above-stick-meta":"","header-main-stick-meta":"","header-below-stick-meta":"","footnotes":""},"class_list":["post-407","page","type-page","status-publish","hentry"],"_links":{"self":[{"href":"https:\/\/nonalajonctionest.info\/index.php\/wp-json\/wp\/v2\/pages\/407","targetHints":{"allow":["GET"]}}],"collection":[{"href":"https:\/\/nonalajonctionest.info\/index.php\/wp-json\/wp\/v2\/pages"}],"about":[{"href":"https:\/\/nonalajonctionest.info\/index.php\/wp-json\/wp\/v2\/types\/page"}],"author":[{"embeddable":true,"href":"https:\/\/nonalajonctionest.info\/index.php\/wp-json\/wp\/v2\/users\/2"}],"replies":[{"embeddable":true,"href":"https:\/\/nonalajonctionest.info\/index.php\/wp-json\/wp\/v2\/comments?post=407"}],"version-history":[{"count":6,"href":"https:\/\/nonalajonctionest.info\/index.php\/wp-json\/wp\/v2\/pages\/407\/revisions"}],"predecessor-version":[{"id":515,"href":"https:\/\/nonalajonctionest.info\/index.php\/wp-json\/wp\/v2\/pages\/407\/revisions\/515"}],"wp:attachment":[{"href":"https:\/\/nonalajonctionest.info\/index.php\/wp-json\/wp\/v2\/media?parent=407"}],"curies":[{"name":"wp","href":"https:\/\/api.w.org\/{rel}","templated":true}]}}