{"id":416,"date":"2022-11-04T08:07:50","date_gmt":"2022-11-04T07:07:50","guid":{"rendered":"http:\/\/nonalajonctionest.info\/?page_id=416"},"modified":"2022-11-04T08:54:13","modified_gmt":"2022-11-04T07:54:13","slug":"autres-contenus","status":"publish","type":"page","link":"https:\/\/nonalajonctionest.info\/index.php\/autres-contenus\/","title":{"rendered":"Autres contenus"},"content":{"rendered":"<p><\/p>\n\n\n<\/p>\n<p>Vous pourriez aussi \u00eatre int\u00e9ress\u00e9s par ces contenus (hors du collectif) :<\/p>\n<ul>\n<li>La m\u00e9tropole communique sur son investissement pour le v\u00e9lo. Pour <a href=\"https:\/\/faiseursdeville.org\/\" target=\"_blank\" rel=\"noopener\">les faiseurs de ville<\/a>, cela rel\u00e8ve du Bikawashing &#8211; ce qu&rsquo;ils documententen nous livrant une analyse sur l&rsquo;\u00e9volution des politiques de Toulouse M\u00e9tropole sur les mobilit\u00e9s douces (<a href=\"https:\/\/twitter.com\/DesFaiseurs\/status\/1573346936299704321?s=20&amp;t=IH-mX0uI6rJrYwDwtyd9HQ\" target=\"_blank\" rel=\"noopener\">sur Twitter<\/a>)<\/li>\n<li><a href=\"https:\/\/threadreaderapp.com\/thread\/1580093892665708544.html\" target=\"_blank\" rel=\"noopener\">Observation d&rsquo;un jeune qui s&rsquo;int\u00e9resse \u00e0 l&rsquo;urbanisme et \u00e0 l&rsquo;\u00e9volution de nos mobilit\u00e9s<\/a> (<a href=\"https:\/\/twitter.com\/mozilette\/status\/1580093892665708544?s=20&amp;t=IH-mX0uI6rJrYwDwtyd9HQ\" target=\"_blank\" rel=\"noopener\">sur Twitter<\/a>)<\/li>\n<\/ul>\n<p>\n\n\n<p><\/p>","protected":false},"excerpt":{"rendered":"<p>Vous pourriez aussi \u00eatre int\u00e9ress\u00e9s par ces contenus (hors du collectif) : La m\u00e9tropole communique sur son investissement pour le v\u00e9lo. Pour les faiseurs de ville, cela rel\u00e8ve du Bikawashing &#8211; ce qu&rsquo;ils documententen nous livrant une analyse sur l&rsquo;\u00e9volution des politiques de Toulouse M\u00e9tropole sur les mobilit\u00e9s douces (sur Twitter) Observation d&rsquo;un jeune qui &hellip;<\/p>\n<p class=\"read-more\"> <a class=\"\" href=\"https:\/\/nonalajonctionest.info\/index.php\/autres-contenus\/\"> <span class=\"screen-reader-text\">Autres contenus<\/span> Lire la suite\u00a0\u00bb<\/a><\/p>\n","protected":false},"author":2,"featured_media":0,"parent":0,"menu_order":0,"comment_status":"closed","ping_status":"closed","template":"","meta":{"site-sidebar-layout":"default","site-content-layout":"default","ast-global-header-display":"","ast-main-header-display":"","ast-hfb-above-header-display":"","ast-hfb-below-header-display":"","ast-hfb-mobile-header-display":"","site-post-title":"","ast-breadcrumbs-content":"","ast-featured-img":"","footer-sml-layout":"","theme-transparent-header-meta":"","adv-header-id-meta":"","stick-header-meta":"","header-above-stick-meta":"","header-main-stick-meta":"","header-below-stick-meta":"","footnotes":""},"class_list":["post-416","page","type-page","status-publish","hentry"],"_links":{"self":[{"href":"https:\/\/nonalajonctionest.info\/index.php\/wp-json\/wp\/v2\/pages\/416","targetHints":{"allow":["GET"]}}],"collection":[{"href":"https:\/\/nonalajonctionest.info\/index.php\/wp-json\/wp\/v2\/pages"}],"about":[{"href":"https:\/\/nonalajonctionest.info\/index.php\/wp-json\/wp\/v2\/types\/page"}],"author":[{"embeddable":true,"href":"https:\/\/nonalajonctionest.info\/index.php\/wp-json\/wp\/v2\/users\/2"}],"replies":[{"embeddable":true,"href":"https:\/\/nonalajonctionest.info\/index.php\/wp-json\/wp\/v2\/comments?post=416"}],"version-history":[{"count":12,"href":"https:\/\/nonalajonctionest.info\/index.php\/wp-json\/wp\/v2\/pages\/416\/revisions"}],"predecessor-version":[{"id":434,"href":"https:\/\/nonalajonctionest.info\/index.php\/wp-json\/wp\/v2\/pages\/416\/revisions\/434"}],"wp:attachment":[{"href":"https:\/\/nonalajonctionest.info\/index.php\/wp-json\/wp\/v2\/media?parent=416"}],"curies":[{"name":"wp","href":"https:\/\/api.w.org\/{rel}","templated":true}]}}